 13, 131, 121343
What are the prime factors of 85708376?
2, 13, 149, 5531
What are the prime factors of 23434965?
3, 5, 421, 1237
List the prime factors of 107157073.
3253, 32941
List the prime factors of 44608505.
5, 8921701
What are the prime factors of 581818131?
3, 83, 778873
What are the prime factors of 147522264?
2, 3, 41, 149921
What are the prime factors of 129835746?
2, 3, 7213097
List the prime factors of 196147031.
2393, 81967
List the prime factors of 61060019.
337, 409, 443
What are the prime factors of 3334919308?
2, 7, 17, 7006133
List the prime factors of 107879889.
3, 13, 2766151
List the prime factors of 34982386.
2, 17491193
List the prime factors of 2470623396.
2, 3, 17, 409, 29611
What are the prime factors of 101880001?
1453, 70117
List the prime factors of 63803808.
2, 3, 73847
List the prime factors of 247912240.
2, 5, 41, 75583
List the prime factors of 673693485.
3, 5, 44912899
List the prime factors of 313464485.
5, 163, 384619
What are the prime factors of 408032905?
5, 7, 131, 88993
What are the prime factors of 50699928?
2, 3, 349, 6053
What are the prime factors of 25332663?
3, 677, 12473
What are the prime factors of 285383436?
2, 3, 13, 47, 38923
List the prime factors of 229768236.
2, 3, 83, 131, 587
List the prime factors of 100901010.
2, 3, 5, 7, 47, 10223
List the prime factors of 485838937.
17, 28578761
What are the prime factors of 341509765?
5, 68301953
List the prime factors of 65916759.
3, 787, 27919
What are the prime factors of 518839981?
11, 73, 787, 821
List the prime factors of 138278084.
2, 7, 67, 73709
List the prime factors of 2221960896.
2, 3, 142873
What are the prime factors of 154980378?
2, 3, 7, 19, 7193
List the prime factors of 50579599.
7, 23, 314159
List the prime factors of 501492583.
501492583
What are the prime factors of 205335731?
2647, 77573
List the prime factors of 637709771.
47, 103, 131731
List the prime factors of 106987101.
3, 13, 2743259
List the prime factors of 22249718.
2, 53, 79, 2657
List the prime factors of 143397621.
3, 67, 26423
List the prime factors of 68943880.
2, 5, 23, 137, 547
List the prime factors of 568768541.
11, 17, 23, 132241
What are the prime factors of 109337412?
2, 3, 1553, 5867
What are the prime factors of 1995219214?
2, 683, 1460629
What are the prime factors of 3087758870?
2, 5, 7, 101, 436741
What are the prime factors of 87833161?
13, 6756397
List the prime factors of 242426909.
19, 12759311
List the prime factors of 44117096.
2, 109, 50593
What are the prime factors of 5692123?
47, 163, 743
List the prime factors of 1204681387.
7, 13, 17, 167, 4663
List the prime factors of 138432639.
3, 31, 1153, 1291
List the prime factors of 6644635321.
1549, 4289629
What are the prime factors of 924695224?
2, 115586903
What are the prime factors of 655123636?
2, 163780909
List the prime factors of 4072067953.
17, 181, 1323389
What are the prime factors of 885819553?
37, 23941069
List the prime factors of 8916518.
2, 13, 241, 1423
What are the prime factors of 803305138?
2, 401652569
What are the prime factors of 4145770885?
5, 829154177
List the prime factors of 1846975295.
5, 11, 619, 54251
What are the prime factors of 930073747?
23, 40437989
What are the prime factors of 803999250?
2, 3, 5, 19, 6269
List the prime factors of 118586438.
2, 421, 140839
What are the prime factors of 42628561?
41, 443, 2347
List the prime factors of 231837097.
233, 995009
What are the prime factors of 142467460?
2, 5, 67, 106319
What are the prime factors of 171321600?
2, 3, 5, 8923
What are the prime factors of 3452266744?
2, 401, 1076143
What are the prime factors of 1706839115?
5, 341367823
What are the prime factors of 55750717?
11, 283, 17909
What are the prime factors of 65572921?
2293, 28597
What are the prime factors of 872402603?
872402603
What are the prime factors of 19612041?
3, 6537347
What are the prime factors of 122654687?
59, 457, 4549
List the prime factors of 804956576.
2, 23, 83, 13177
What are the prime factors of 25771062?
2, 3, 4295177
List the prime factors of 134412765.
3, 5, 8960851
List the prime factors of 52070603.
13, 331, 12101
List the prime factors of 117552628.
2, 239, 122963
List the prime factors of 2999603909.
401, 659, 11351
List the prime factors of 157807009.
29, 5441621
What are the prime factors of 121105574?
2, 60552787
List the prime factors of 200732244.
2, 3, 16727687
List the prime factors of 669033990.
2, 3, 5, 43, 172877
What are the prime factors of 62542491?
3, 11, 53, 35759
List the prime factors of 43730776.
2, 5466347
List the prime factors of 76670605.
5, 11, 19, 73369
List the prime factors of 750565485.
3, 5, 3931, 4243
List the prime factors of 203051587.
17, 11944211
List the prime factors of 917184896.
2, 1069, 6703
What are the prime factors of 26012779?
13, 61, 32803
What are the prime factors of 3114259223?
17, 461, 397379
What are the prime factors of 139627330?
2, 5, 67, 271, 769
What are the prime factors of 93779684?
2, 17, 53, 26021
List the prime factors of 2064312547.
11, 37, 89, 56989
What are the prime factors of 42229163?
42229163
List the prime factors of 444252595.
5, 29, 59, 51929
What are the prime factors of 37910403?
3, 571, 2459
What are the prime factors of 560592886?
2, 7, 67, 109, 5483
What are the prime factors of 75604446?
2, 3, 4200247
What are the prime factors of 14170365?
3, 5, 11, 28627
List the prime factors of 7671345411.
3, 23, 111178919
List the prime factors of 95457702.
2, 3, 499, 31883
List the prime factors of 1069041620.
2, 5, 5639, 9479
List the prime factors of 117058349.
117058349
List the prime factors of 3283752915.
3, 5, 61, 1196267
What are the prime factors of 4738621677?
3, 1579540559
What are the prime factors of 562306076?
2, 17, 67, 83, 1487
List the prime factors of 4889534211.
3, 2087, 260317
List the prime factors of 1175328853.
263, 617, 7243
What are the prime factors of 1269541601?
19, 66817979
What are the prime factors of 28880532?
2, 3, 19, 42223
What are the prime factors of 3538352120?
2, 5, 17, 907, 5737
What are the prime factors of 168283337?
487, 345551
List the prime factors of 11150426.
2, 7, 796459
What are the prime factors of 21145292?
2, 7, 29, 26041
List the prime factors of 58996730.
2, 5, 13, 29, 15649
List the prime factors of 3031048865.
5, 13, 46631521
List the prime factors of 573738915.
3, 5, 19, 2013119
List the prime factors of 43971512.
2, 13, 422803
List the prime factors of 95025609.
3, 7, 502781
List the prime factors of 97829380.
2, 5, 11, 67, 6637
List the prime factors of 348328993.
348328993
List the prime factors of 109256522.
2, 54628261
What are the prime factors of 3721490406?
2, 3, 22972163
What are the prime factors of 69103320?
2, 3, 5, 11, 13, 4027
List the prime factors of 381139121.
11, 47, 181, 4073
List the prime factors of 139918115.
5, 4027, 6949
List the prime factors of 26952921.
3, 349, 8581
What are the prime factors of 365938093?
365938093
List the prime factors of 105343372.
2, 19, 1386097
What are the prime factors of 316115045?
5, 67, 83, 11369
List the prime factors of 2907817287.
3, 969272429
List the prime factors of 167755533.
3, 11, 73, 83, 839
List the prime factors of 3606586126.
2, 11, 13, 12610441
What are the prime factors of 255481988?
2, 41, 67, 23251
List the prime factors of 279215759.
11411, 24469
List the prime factors of 290361879.
3, 32262431
What are the prime factors of 196729080?
2, 3, 5, 1639409
List the prime factors of 6923086.
2, 43, 79, 1019
List the prime factors of 1165863.
3, 388621
What are the prime factors of 60491059?
107, 565337
List the prime factors of 2909826138.
2, 3, 6197, 78259
List the prime factors of 50752404.
2, 3, 1409789
What are the prime factors of 338138678?
2, 5867, 28817
What are the prime factors of 6441312810?
2, 3, 5, 214710427
List the prime factors of 120467800.
2, 5, 151, 3989
List the prime factors of 607668899.
607668899
What are the prime factors of 38497146?
2, 3, 17, 59, 6397
List the prime factors of 1121935168.
2, 17530237
What are the prime factors of 159561136?
2, 7, 617, 2309
What are the prime factors of 304287075?
3, 5, 37, 36551
List the prime factors of 36978805.
5, 211, 35051
List the prime factors of 5534839615.
5, 47, 2017, 